 70. Suppose -5423 = -h*s - 747. Is s a prime number?
False
Let o = 3 + -15. Let h be (-12447)/(-12) - (o/16 + 1). Suppose 0 = 10*k - h - 3333. Is k prime?
False
Suppose 8*p - 50 = -2*p. Suppose a - g = -1005, 0*a + p*a - 2*g = -5028. Let n = a - -2093. Is n a composite number?
False
Is ((-519)/9)/((-11 + 12)/((-1233)/3)) composite?
True
Let r = 10967 - 5721. Let k = r + 5435. Is k a prime number?
False
Suppose 3*l - 4*t = 11259, -2*t + 3469 - 14734 = -3*l. Suppose -3646 = -4*a + 3*j + l, 0 = 3*a - 4*j - 5561. Is a prime?
True
Let s(k) = 80097*k - 164. Is s(3) composite?
True
Suppose 0 = 7*v + 61 + 23. Let i be (3 - 3 - -5) + -1*1. Is ((-4570)/i)/(6/v) prime?
False
Let s(a) = a - 6. Let h be s(0). Let o be 1*(-9)/h + 1/2. Suppose -2*z = o*z - 124. Is z a composite number?
False
Suppose 14*j = -3*j - 17. Let k(i) = -133*i + 6. Is k(j) prime?
True
Let j(m) = 21*m**3 - 5*m**2 + 55*m - 301. Is j(12) a composite number?
True
Let g(h) = 20*h + 34*h**2 - 33*h**2 + 2203 - 19*h. Is g(0) prime?
True
Let g(v) be the second derivative of 0 - 17/2*v**2 + 19*v + 1/6*v**3 + 1/6*v**4. Is g(8) prime?
False
Let b = -388786 - -669445. Is b prime?
False
Suppose -3*l = 2*a + 19, -2*a - 4 = 11*l - 13*l. Let m be 2 - 0*a/20. Suppose -m*y = -4*r + 1240, -3*r - 5*y = -3*y - 937. Is r a composite number?
False
Let r(t) be the first derivative of t**4/4 - t**3 - 4*t + 8. Let k be r(3). Let f(m) = m**3 + 7*m**2 + 5*m + 3. Is f(k) a composite number?
False
Let l(v) = -2*v**2 - 5*v + 16. Let w be l(-4). Suppose 0 = -z - 4, -r = -2*r + w*z + 5531. Is r a composite number?
True
Suppose 0 = -3*h - x + 2, -4*h + 0*x = 3*x + 4. Let n be (-2 - h)*(-3)/(-6). Is (n*(-2)/(-4))/((-4)/812) a prime number?
False
Let u be 3348/252 + (-4)/14. Suppose u*z + 572 - 15535 = 0. Is z a prime number?
True
Let p = 4518 + 41953. Is p composite?
False
Suppose -4*h + 23872 = -4*y, 0 = h + 3*y - 3508 - 2452. Let d = h + -4207. Is d composite?
False
Let u = -13591 - -149486. Is u composite?
True
Let f(w) = w**3 + 9*w**2 - 44*w - 15. Let j(o) = -o**2 - 3. Let c(b) = -f(b) + j(b). Is c(-25) a composite number?
False
Suppose s - 2*s = d - 11, -4*s + 54 = 2*d. Let w be 0 + -2 + s/2. Is ((-18984)/36)/((-4)/w) prime?
False
Let q(f) = -40*f**2 - 9*f + 13. Let n be q(10). Let v = 1012 - n. Is v a prime number?
False
Let p = 27 + -7. Suppose -p = -10*f + 12*f. Is 2/2*(489 + f) composite?
False
Suppose 2*d = -2, -7*i = -9*i - 4*d + 2. Suppose -3*u - 10797 = 3*c, -i*u + 1614 = 5*c + 12401. Let y = u + 6183. Is y composite?
False
Suppose 20*h + 4030 = -11*h. Is (-1318)/5*h/52 prime?
True
Suppose 2*a = 4*c - c - 340, 0 = -5*c + 5*a + 570. Suppose -z + 843 = c. Is z prime?
False
Is 79565/15*-1*(-107 - -68) prime?
False
Suppose 0 = -3*p + 2*g - 18, g + 24 = 2*p - 6*p. Is -20*(7/28 + p) prime?
False
Let m = -9 - -13. Suppose -m*b = -3*l + 3110, 2*l - 2088 = -11*b + 10*b. Suppose -l + 326 = -4*x. Is x prime?
True
Suppose -7*n - 59710 = -232953. Is n prime?
True
Let j(v) = -3*v + 36. Let y be j(15). Let k be ((-3)/y)/(12/72). Is 3/(-9)*(k + (-2198 - -3)) composite?
True
Suppose 17*g - 12 = 14*g. Let m(f) = 121*f + g - 20 + 46. Is m(8) composite?
True
Suppose 36*c + 4 = 4. Suppose 0 = 5*l + n - 2232, c = 4*l - l + 4*n - 1329. Is l prime?
False
Suppose -c + 6519 = 1719. Suppose 2*b = c + 982. Suppose g = -6*g + b. Is g a prime number?
False
Let u = -39206 - -62323. Is u a prime number?
True
Let t = -657 + 664. Is (-11)/t + 1 + (-82589)/(-91) prime?
True
Let m = -55428 + 316277. Is m prime?
True
Let p = 148 + -145. Suppose 20211 = 3*i + 3*q, p*i - 4*q = 8567 + 11658. Is i a composite number?
True
Suppose -230072 = 3501*t - 3509*t. Is t prime?
True
Let a be (9 + -6)*7590/9. Suppose a = 9*n - 1268. Is n a prime number?
False
Suppose -676*b + 671*b + 624690 = 0. Suppose -38*q = -56*q + b. Is q a composite number?
True
Let s = -185967 - -341852. Is s a prime number?
False
Let j = 1402 + 588. Suppose -k - j = k. Let m = 1440 + k. Is m prime?
False
Let z be -14*1/10*5. Let r be (-4)/14 + (-44)/z. Let s(p) = p**3 + 3*p**2 + 7*p - 7. Is s(r) a prime number?
True
Suppose 2*u - 14 = 2*y + 2, -5*u - 5*y = -40. Suppose 0 = -g - u + 15. Suppose -15*x = -g*x - 5048. Is x composite?
False
Let j(u) = 2*u - 16. Let d be j(8). Let r = d - -12. Suppose -9*c - 1311 = -r*c. Is c a prime number?
False
Suppose -3*w + 138 = -123. Let j = w + -82. Suppose 0 = j*m - 4207 - 3298. Is m a prime number?
False
Let s = 670603 + -43572. Is s a prime number?
False
Let i = 0 - -11. Suppose -6190 = -13*z + i*z. Is z a composite number?
True
Let l be (56 - 44)*2/(-8). Is l*((-37954)/21 - -5) composite?
False
Suppose 18*a + 411401 = 4*b + 21*a, a + 411421 = 4*b. Is b composite?
True
Suppose 1064*w + 95059016 = 1168*w. Is w a composite number?
True
Is ((-10)/(-4))/(381/543596322) prime?
False
Let c be 4/((-24)/(-98130)) + 9. Suppose -1534*m + c = -1530*m. Is m a prime number?
True
Suppose -3*v + 2*y = -1 + 2, 0 = 5*v + 5*y - 15. Is (-5 + (v - -3))*-8023 prime?
False
Suppose 3*b = -0*b - g - 66, -3*g = 9. Let z be (36/(-15))/(b/70). Suppose 0 = -z*s + 7*s + 487. Is s prime?
True
Is (-1 + 0)/(98/(-54087082)) a composite number?
False
Suppose -3*l + 5*l - 2724170 = a, 19*a = 18*a. Is l a prime number?
False
Let s(u) be the first derivative of -247*u**2/2 + 27*u - 54. Is s(-16) composite?
True
Suppose -3*l + 81*v - 77*v + 1329535 = 0, 4*l - 3*v - 1772732 = 0. Is l prime?
True
Suppose 0 = -1945*f + 1958*f - 1862081. Is f a prime number?
False
Let w = 137 + -112. Let y(l) = 5*l - l + 4 - w*l**3 - 2*l. Is y(-5) prime?
True
Suppose -k - 1 + 5 = 0, 4*r = -3*k + 28. Let t(i) = 324*i**3 - i**2 + 15*i - 3. Is t(r) composite?
True
Let u(g) = 22*g - 142. Let h be u(7). Suppose 0 = -3*o - h, -2*w - 22008 = -6*w + 5*o. Is w composite?
True
Let x be 1*(-45)/5 + 5. Let m be 157*(x/14 + (-558)/(-42)). Suppose 9*r = 13048 - m. Is r a prime number?
True
Let s(l) = 317*l**2 - 193*l - 871. Is s(-40) a composite number?
False
Let v be (-9)/(-7)*-1571 + 2/(-14). Let p = 2972 + v. Suppose p = 9*m - m. Is m a composite number?
True
Let y(g) = 541*g**2 - g - 1. Suppose 25 = 3*t - 80. Let r = t - 36. Is y(r) composite?
False
Let s = -40 + 40. Suppose -w + 2*w + w = s. Suppose 4*h = 2*c + 440, -3*h + w*c = 5*c - 343. Is h prime?
False
Let k = -4 - -7. Suppose 2*o + v + 15 = 3*o, k*o - 43 = v. Is (-8)/o + 43620/140 prime?
True
Let d(v) = 11*v**3 - 50*v**2 - 142*v + 76. Is d(23) composite?
True
Is 11 + 1954525/13 + 4/(-52) a composite number?
True
Let v(k) = -140*k**2 + 66*k**2 + 65*k**2 + 0*k**3 - k**3 + 23*k - 63 + 25. Is v(-13) composite?
True
Suppose 967027 + 605160 = 103*l - 615430. Is l a composite number?
True
Let j be -6 - (4 + -14 - -6). Is 40285/(-14)*j/1 a composite number?
True
Suppose 0 = -16*p + 162025 - 43961. Is p a composite number?
True
Let a(b) = 22321*b**2 + 315*b + 19. Is a(-3) a composite number?
True
Suppose -4*w + 3*w - 112463 = -4*j, 2*j - 56221 = -3*w. Is j a composite number?
True
Let b = -51 - -60. Let f(t) = 3*t**2 - 12*t**2 + 3*t**3 - 4 - 4*t**3 - b*t. Is f(-9) a prime number?
False
Let h(j) = -9*j - 354. Let y be h(-39). Is y + (14412/(-9))/(2/(-21)) prime?
True
Let y(g) be the first derivative of -545*g**2 + 25*g + 70. Is y(-4) prime?
False
Suppose -7*k = 109 - 137. Suppose 3*m - 11303 = k*z, m - 2*z - 948 = 2823. Is m a prime number?
True
Let l(v) = 8*v**2. Let n be l(1). Suppose -15*y + n = -11*y. Is 3369/y - (0 - 4/8) composite?
True
Suppose -4 = -6*u + 4*u. Let s(h) = -1418 + 28*h**3 - h - 2*h - 2*h**u + 1423. Is s(2) prime?
False
Is (10 + 1930815/(-40))/(4/(-32)) composite?
False
Let f(n) = -582*n - 200. Let s be f(-7). Let j = s - 2051. Is j prime?
True
Let i be ((-44)/(-4) - 2)/((-9)/(-5310)). Let f = -917 + i. Is f composite?
True
Let k(s) = -794*s**3 + 2*s**2 + 70*s + 133. Is k(-12) a composite number?
True
Let f(c) = c**3 - 30*c**2 + 44*c - 65. Let m be f(30). Suppose -161*j - m = -162*j. Is j composite?
True
Let s(m) = -20*m - 26. Suppose -4*p + 3*b = 41, 6 = -2*p + 4*b - 2. Let z be s(p). Is -1 + 2 + -4 + z prime?
True
Suppose -2305616 + 68204 = -t - 11*t. Is t composite?
False
Let q(d) = 14*d**2 - 926*d - 943*d + 1840*d - 176. Is q(-9) prime?
False
Suppose 0 = 4*c + 4*s - 8, -3*s = -c - 5*s - 1. Suppose -c*h = 2557 - 7392. Suppose n - w - 1